 the remainder when 1359 is divided by 22?
17
What is the remainder when 177 is divided by 11?
1
Calculate the remainder when 5784 is divided by 5.
4
Calculate the remainder when 2362 is divided by 6.
4
Calculate the remainder when 235 is divided by 11.
4
What is the remainder when 752 is divided by 59?
44
What is the remainder when 87 is divided by 20?
7
Calculate the remainder when 92 is divided by 31.
30
Calculate the remainder when 3161 is divided by 113.
110
Calculate the remainder when 27158 is divided by 280.
278
What is the remainder when 198 is divided by 102?
96
What is the remainder when 50 is divided by 11?
6
Calculate the remainder when 48 is divided by 19.
10
What is the remainder when 107 is divided by 98?
9
Calculate the remainder when 531 is divided by 5.
1
Calculate the remainder when 6014 is divided by 47.
45
What is the remainder when 491 is divided by 33?
29
What is the remainder when 2813 is divided by 283?
266
Calculate the remainder when 30 is divided by 8.
6
What is the remainder when 417 is divided by 232?
185
What is the remainder when 106 is divided by 24?
10
What is the remainder when 1318 is divided by 9?
4
What is the remainder when 485 is divided by 83?
70
What is the remainder when 403 is divided by 44?
7
What is the remainder when 151 is divided by 17?
15
Calculate the remainder when 1358 is divided by 47.
42
Calculate the remainder when 46 is divided by 46.
0
What is the remainder when 203 is divided by 103?
100
What is the remainder when 1012 is divided by 504?
4
What is the remainder when 101 is divided by 9?
2
Calculate the remainder when 2095 is divided by 16.
15
Calculate the remainder when 127 is divided by 44.
39
What is the remainder when 118 is divided by 63?
55
What is the remainder when 1765 is divided by 61?
57
What is the remainder when 248 is divided by 63?
59
What is the remainder when 254 is divided by 16?
14
Calculate the remainder when 464 is divided by 341.
123
Calculate the remainder when 2789 is divided by 909.
62
Calculate the remainder when 114 is divided by 4.
2
Calculate the remainder when 493 is divided by 45.
43
Calculate the remainder when 165 is divided by 17.
12
Calculate the remainder when 418 is divided by 111.
85
What is the remainder when 225 is divided by 39?
30
Calculate the remainder when 353 is divided by 51.
47
What is the remainder when 281 is divided by 96?
89
Calculate the remainder when 422 is divided by 39.
32
Calculate the remainder when 49 is divided by 9.
4
What is the remainder when 1270 is divided by 24?
22
What is the remainder when 634 is divided by 71?
66
What is the remainder when 513 is divided by 172?
169
Calculate the remainder when 1287 is divided by 65.
52
Calculate the remainder when 168 is divided by 50.
18
Calculate the remainder when 263 is divided by 66.
65
Calculate the remainder when 2259 is divided by 21.
12
What is the remainder when 1369 is divided by 8?
1
What is the remainder when 71 is divided by 11?
5
What is the remainder when 35 is divided by 19?
16
Calculate the remainder when 408 is divided by 39.
18
Calculate the remainder when 3287 is divided by 6.
5
Calculate the remainder when 707 is divided by 8.
3
Calculate the remainder when 232 is divided by 61.
49
Calculate the remainder when 1092 is divided by 95.
47
Calculate the remainder when 609 is divided by 22.
15
Calculate the remainder when 430 is divided by 71.
4
What is the remainder when 2838 is divided by 71?
69
Calculate the remainder when 248 is divided by 61.
4
Calculate the remainder when 159 is divided by 30.
9
Calculate the remainder when 8278 is divided by 2758.
4
Calculate the remainder when 220 is divided by 44.
0
Calculate the remainder when 325 is divided by 73.
33
What is the remainder when 280 is divided by 19?
14
What is the remainder when 196 is divided by 63?
7
Calculate the remainder when 1119 is divided by 59.
57
What is the remainder when 224 is divided by 67?
23
What is the remainder when 243 is divided by 35?
33
Calculate the remainder when 619 is divided by 13.
8
Calculate the remainder when 276 is divided by 107.
62
What is the remainder when 6893 is divided by 16?
13
What is the remainder when 1025 is divided by 114?
113
What is the remainder when 6653 is divided by 13?
10
What is the remainder when 439 is divided by 59?
26
What is the remainder when 557 is divided by 188?
181
What is the remainder when 1174 is divided by 298?
280
What is the remainder when 1443 is divided by 23?
17
What is the remainder when 64 is divided by 24?
16
Calculate the remainder when 305 is divided by 17.
16
Calculate the remainder when 231 is divided by 39.
36
Calculate the remainder when 4313 is divided by 83.
80
Calculate the remainder when 662 is divided by 56.
46
What is the remainder when 1187 is divided by 120?
107
What is the remainder when 57 is divided by 17?
6
What is the remainder when 500 is divided by 163?
11
Calculate the remainder when 1308 is divided by 650.
8
Calculate the remainder when 84 is divided by 11.
7
Calculate the remainder when 6594 is divided by 68.
66
Calculate the remainder when 115 is divided by 2.
1
What is the remainder when 2689 is divided by 223?
13
Calculate the remainder when 228 is divided by 55.
8
What is the remainder when 500 is divided by 18?
14
What is the remainder when 1548 is divided by 31?
29
Calculate the remainder when 116 is divided by 101.
15
Calculate the remainder when 898 is divided by 34.
14
What is the remainder when 1780 is divided by 149?
141
Calculate the remainder when 138 is divided by 49.
40
What is the remainder when 97 is divided by 47?
3
Calculate the remainder when 406 is divided by 370.
36
Calculate the remainder when 333 is divided by 51.
27
What is the remainder when 1042 is divided by 261?
259
What is the remainder when 1063 is divided by 25?
13
Calculate the remainder when 1552 is divided by 14.
12
What is the remainder when 53 is divided by 4?
1
What is the remainder when 128 is divided by 67?
61
What is the remainder when 173 is divided by 16?
13
What is the remainder when 3657 is divided by 122?
119
What is the remainder when 140 is divided by 10?
0
Calculate the remainder when 156 is divided by 15.
6
What is the remainder when 5082 is divided by 82?
80
Calculate the remainder when 4173 is divided by 834.
3
Calculate the remainder when 69 is divided by 22.
3
Calculate the remainder when 3595 is divided by 224.
11
What is the remainder when 15442 is divided by 143?
141
What is the remainder when 277 is divided by 20?
17
Calculate the remainder when 814 is divided by 112.
30
What is the remainder when 6015 is divided by 51?
48
Calculate the remainder when 546 is divided by 137.
135
Calculate the remainder when 86 is divided by 19.
10
What is the remainder when 518 is divided by 44?
34
Calculate the remainder when 145 is divided by 27.
10
Calculate the remainder when 164 is divided by 25.
14
What is the remainder when 373 is divided by 137?
99
Calculate the remainder when 116 is divided by 4.
0
Calculate the remainder when 1593 is divided by 4.
1
What is the remainder when 222 is divided by 9?
6
Calculate the remainder when 35 is divided by 18.
17
What is the remainder when 15703 is divided by 139?
135
What is the remainder when 392 is divided by 127?
11
What is the remainder when 297 is divided by 75?
72
Calculate the remainder when 1652 is divided by 12.
8
What is the remainder when 6 is divided by 1?
0
What is the remainder when 2276 is divided by 17?
15
Calculate the remainder when 6171 is divided by 55.
11
What is the remainder when 24278 is divided by 342?
338
Calculate the remainder when 797 is divided by 197.
9
What is the remainder when 748 is divided by 244?
16
Calculate the remainder when 203 is divided by 42.
35
Calculate the remainder when 1946 is divided by 17.
8
What is the remainder when 49 is divided by 25?
24
What is the remainder when 74 is divided by 11?
8
What is the remainder when 1546 is divided by 365?
86
Calculate the remainder when 197 is divided by 18.
17
What is the remainder when 280 is divided by 95?
90
What is the remainder when 319 is divided by 3?
1
Calculate the remainder when 13888 is divided by 17.
16
What is the remainder when 5948 is divided by 124?
120
What is the